igit of o(-7)?
5
Let a = 226 + -133. What is the units digit of a?
3
Suppose -3*s - 4 = -1, 2*s + 12 = 5*d. Suppose -2*u + 95 = 5*v, -133 = -3*u + 4*v - d*v. What is the tens digit of u?
4
Let p(y) be the second derivative of y**5/20 - y**4/2 + 5*y**3/6 + 3*y**2/2 + 5*y. What is the tens digit of p(6)?
3
Let v(n) = -6*n + 9. Let b(y) = -4*y + 6. Let h(m) = 7*b(m) - 5*v(m). Let i be (3/(-3))/((-2)/6). What is the units digit of h(i)?
3
Let v be 54/(-2)*(-3)/9. Let k be -6*(1 - v/6). Suppose -y + 0*y - k = -2*p, 0 = -3*y - 3*p + 18. What is the units digit of y?
3
Let u(d) be the second derivative of 0*d**2 + 0 + d - 4/3*d**3. What is the tens digit of u(-2)?
1
Let a = 14 - -3. Suppose -11 = -2*r + a. What is the tens digit of (r + 6/(-2))/1?
1
Let f(b) = -b**3 + b**2 - b + 2. Let s be f(0). What is the tens digit of (9/(-9))/(s/(-34))?
1
Let k(x) = x**2 - 3*x - 5. Let u be k(-3). Let f be 24/1 - (-2)/(-2). Let s = f - u. What is the tens digit of s?
1
Let a = 89 + -63. Suppose 4*q + 63 = 167. Suppose -4*m + q = -5*l - a, -m = -4*l - 2. What is the tens digit of m?
1
Let g(i) be the second derivative of -11*i**3/6 - 7*i**2 - 3*i. What is the tens digit of g(-6)?
5
Suppose a - 4*p - 4 - 16 = 0, 0 = -4*a - 5*p + 38. What is the units digit of a?
2
Suppose p - 1 = z, -8*z + 3*z = -4*p - 1. What is the units digit of p?
6
What is the tens digit of (34*(-15)/(-20))/(2/8)?
0
Let n = -1 + 17. Suppose p - t - t = n, 5*t = 4*p - 79. What is the tens digit of p?
2
Suppose -6*z + 80 = -5*z. What is the units digit of z?
0
Suppose 12 = 4*q + 4. What is the units digit of q?
2
Suppose -2*a + 143 = 55. What is the tens digit of a?
4
Let k(w) = w**3 + 6*w**2 - 5*w + 7. What is the tens digit of k(-5)?
5
Let k(r) = 10*r**2 + 1. Let s be k(1). Suppose -s = -3*h + 10. Let d = -3 + h. What is the units digit of d?
4
Suppose 4*k = -8 + 100. Let g = k + -11. What is the tens digit of g?
1
Let d(q) be the first derivative of 2*q**3/3 + 5*q**2/2 - 2*q - 7. What is the tens digit of d(-5)?
2
Suppose z + 3*n - n + 8 = 0, 4*n + 16 = 4*z. Let h(f) = -f**3. Let q be h(-1). Let v = q - z. What is the units digit of v?
1
Let j(h) be the first derivative of -h**4/2 - h**3/3 + h**2/2 - 1. Let w be j(1). Let o = 22 + w. What is the tens digit of o?
2
Suppose -4*w - 5*z - 11 = 0, w = -z - 0*z - 3. What is the units digit of w/(-2) + 6/2?
5
Suppose 3*n - 2 = 4. What is the units digit of n?
2
Let b = -8 + 34. What is the tens digit of b?
2
Let d(x) = 2*x**2 - 18*x + 20. What is the units digit of d(14)?
0
Let k = -5 - -9. Suppose -14 - 6 = -k*d. Suppose -4*v + 12 - 3 = d*l, l = -5*v - 15. What is the units digit of l?
5
Suppose -145 = -5*q - 3*c, -2*c = 3*q - 4*c - 68. What is the tens digit of q?
2
Let k(p) = -3*p - 3. Let u be k(-2). Suppose -3*z = 4*s - 46, 0*s - 44 = -u*z - 2*s. What is the units digit of z?
4
Let v be (-1 + 2)/(3/30). Let y = v + -6. What is the units digit of y?
4
Suppose 0 = 2*k - 5*r - 120, -2*r = -1 - 7. What is the tens digit of k?
7
Let w(f) = 15*f**2 - 7*f - 29. What is the tens digit of w(-3)?
2
Suppose 0 = 9*v - 6*v - 96. What is the tens digit of v?
3
Suppose 0 = 4*o - 28 + 120. Let g = -14 - o. Suppose -s - g = 4*w, 0*s + 12 = 5*s + w. What is the units digit of s?
3
Let b(w) = 5*w**3 - 2*w**2 + 2*w + 2. What is the units digit of b(2)?
8
Let q = 116 + 137. What is the hundreds digit of q?
2
Suppose 9 = s + 2*s. Suppose 2*u + 7 = s*u + 2*m, 2*m = -4. What is the tens digit of u?
1
Suppose v + 2*v = -63. Let y = -4 - v. What is the units digit of y?
7
Suppose 5*l = -2*z - 2, -3*l - 4 + 3 = z. What is the units digit of (z/(-3))/(2/54)?
9
Let p be ((-24)/(-18))/((-1)/(-3)). What is the tens digit of 42*p/6 + 0?
2
Let d(m) = -m**2 - 5*m + 4. Let i(o) = o**3 - 4*o**2 + 3*o - 1. Suppose -3*c + 9 = 3*f, -5*f - 4*c + 6 = -8. Let p be i(f). What is the units digit of d(p)?
0
Suppose 4 = -n + 12. Suppose h = -3*s + 65, 5*h + 4*s + 32 - 357 = 0. Suppose n*w - 3*w = h. What is the tens digit of w?
1
Let y be 1 + (0 + -1 - -4). Suppose 2*d + 56 = y*d. What is the units digit of d?
8
Let f(s) = 0*s + 5 + 3 + 0*s - s. Let m be f(6). Suppose 0 = 4*u - m*u - 4. What is the units digit of u?
2
Let i(k) = k**2 + 5*k - 11. What is the tens digit of i(-10)?
3
Let a be (-2)/4 + 79/2. Let o = 63 - a. What is the units digit of o?
4
Let j(r) = r + 5. Let w = 3 + -3. Let i be j(w). Suppose 4*p - i*u - 45 = -4*u, -5*u = -3*p + 55. What is the units digit of p?
0
Suppose -3*l = 5*d + 10, -l = -4*l - 4*d - 8. Let v(s) = -s**2 - 5*s - 2. Let y be v(-3). Let r = l + y. What is the units digit of r?
4
Let u be 474/10 + 9/15. Suppose 5*p + u = 4*m - 43, 5*m + p - 150 = 0. What is the tens digit of m?
2
Let r(a) = -a + 7. Suppose 3*x - 14 - 1 = 0. Let h be r(x). What is the units digit of (h - 1)/((-2)/(-12))?
6
Let b(i) = -i**2 - 11*i - 13. Let m(o) = -o + 2. Let y be m(2). Suppose -2*s - 13 - 5 = y. What is the units digit of b(s)?
5
Let l(r) = -20*r + 13. What is the tens digit of l(-6)?
3
Let t = -10 + 14. Let r(d) = 0*d + 2*d + t*d. What is the units digit of r(1)?
6
Suppose 6*v = 4*v + 152. What is the tens digit of v?
7
Let g(m) = -4*m**2 - m - 5. Let l(n) = 3*n**2 + n + 4. Let t(i) = -4*g(i) - 5*l(i). What is the tens digit of t(4)?
1
Let t be (-6)/(-4)*(-14)/(-21). What is the units digit of (-4)/t*7/(-4)?
7
Let p(l) = -l**2 + 2*l + 2. Let k be p(4). Let v = 10 + k. Suppose -4*i - v*s = -5 - 19, -2 = -i - 2*s. What is the tens digit of i?
1
Let q be 15/6*(4 - 10). Suppose 2*d = -b - 0*b - 12, -3*b = 2*d + 24. Let u = b - q. What is the units digit of u?
9
Let f(h) = -4*h - 4. Suppose 5*d - 5 = -0*z + 5*z, 5*d = 2*z - 7. What is the units digit of f(d)?
8
Let w = 2 - -1. Let d be (-69)/(-6) - (-2)/4. Suppose -x = -5*g + 14, -5*g = -d - w. What is the units digit of x?
1
Let m(u) = -u**2 - 20*u - 20. What is the units digit of m(-15)?
5
What is the tens digit of 11 + -2 + (-4 - -5)?
1
Let m be (-2 + 0)/((-2)/80). Let z = m + -31. What is the tens digit of z?
4
Suppose -3*a = -0*a - 189. Suppose -21 = -4*z + a. What is the tens digit of z?
2
What is the units digit of ((578/(-4))/(-17))/(1/26)?
1
Suppose 5*w = 5*r + 15, 15 = -8*r + 4*r + 3*w. Let s = -3 - r. What is the units digit of s?
3
Let z(m) = 14*m**3 - 3*m**2 + 3*m - 2. What is the tens digit of z(2)?
0
Suppose 5*g = 5*d + 630, -g - 4*d = 2 - 108. What is the units digit of g?
2
Suppose -38 = -4*b + 6. What is the units digit of b?
1
Let q = 2 + -3. Let l = q + -2. Let k = l + 6. What is the units digit of k?
3
Let v = 2 - 0. Let r(h) = h**3 + 4*h**2 - 4*h + 2. What is the units digit of r(v)?
8
Let w = 18 - 11. What is the units digit of w?
7
Suppose 128 = -0*b + 4*b. Let v = b + -13. What is the tens digit of v?
1
Suppose -20 = -4*g, -3*x + x - 5*g + 75 = 0. What is the units digit of x?
5
Suppose -7*x - 1 = -6*x, 5*x = j - 21. What is the tens digit of ((-124)/j)/(1/(-4))?
3
Suppose -5*u + i - 5 = -2*u, 5*i = -u - 7. Let n(o) be the second derivative of o**5/20 + o**4/6 - o**3/6 - o**2/2 + 5*o. What is the units digit of n(u)?
1
Let i = -222 + 382. What is the units digit of i?
0
Suppose 0 = -x - 5*p + 120, p + 53 = 2*x - 143. What is the hundreds digit of x?
1
Let c be (-234)/(-12) - 1/2. Let b = c + 6. What is the units digit of b?
5
Let k(p) = -5*p - 1. Let z(m) = -11*m - 1. Let b(t) = 13*k(t) - 6*z(t). Suppose 55 = 5*s + 5*d, -3*s - d = -6*s + 25. What is the units digit of b(s)?
2
Let k = -6 + 3. What is the tens digit of 13 + (-3)/k + -2?
1
Let f(o) = -o**3 + 4*o**2 - 4*o + 3. Let u(h) = 3*h**2 - 1. Let s be u(-1). Let y be f(s). What is the tens digit of 2 + (-11)/y*-3?
1
Let c(b) = b - 4. Let h be ((-10)/(-6))/((-1)/(-3)). What is the units digit of c(h)?
1
Let i(f) = -2*f**2 + 6*f**2 - 3*f**2 + 6 - 6*f. What is the units digit of i(5)?
1
Suppose -4*g = -2*g - 4. Suppose -5*w + 44 = 4*b, g*b - 3*w = -4*w + 16. What is the units digit of b?
6
Suppose -5*v = -3*h - 89, h - v + 29 = -0*v. What is the units digit of 0 - h/(3 + -1)?
4
Suppose 0 = c + 3*c - 104. Suppose -c - 24 = -5*z. What is the units digit of z?
0
Let v(f) = 8*f**2 - f. Let p = -2 + 3. Let w be v(p). Let b(q) = q**2 - 7*q + 5. What is the units digit of b(w)?
5
What is the tens digit of 66*(3 - (-35)/(-15))?
4
Suppose -50 = -5*f - 5*g,